71?
7
What is the thousands digit of 2521412?
1
What is the hundred thousands digit of 6282848?
2
What is the millions digit of 3307102?
3
What is the thousands digit of 600423?
0
What is the units digit of 83032?
2
What is the units digit of 37631?
1
What is the millions digit of 1314768?
1
What is the ten thousands digit of 272203?
7
What is the tens digit of 237545?
4
What is the ten thousands digit of 435283?
3
What is the units digit of 259822?
2
What is the tens digit of 6210595?
9
What is the ten thousands digit of 11238?
1
What is the thousands digit of 144854?
4
What is the hundreds digit of 5542099?
0
What is the hundreds digit of 2760817?
8
What is the thousands digit of 1685059?
5
What is the units digit of 41954?
4
What is the thousands digit of 7351?
7
What is the ten millions digit of 17106777?
1
What is the ten thousands digit of 5939641?
3
What is the tens digit of 750877?
7
What is the ten thousands digit of 481815?
8
What is the millions digit of 1358346?
1
What is the millions digit of 1965667?
1
What is the tens digit of 1161187?
8
What is the thousands digit of 6352921?
2
What is the tens digit of 78926?
2
What is the tens digit of 999611?
1
What is the ten thousands digit of 38679926?
7
What is the units digit of 361927?
7
What is the ten thousands digit of 4466906?
6
What is the hundreds digit of 14520547?
5
What is the units digit of 1109124?
4
What is the hundred thousands digit of 524183?
5
What is the hundreds digit of 34128019?
0
What is the hundred thousands digit of 35532250?
5
What is the millions digit of 2824666?
2
What is the units digit of 15410?
0
What is the thousands digit of 21360?
1
What is the ten thousands digit of 101546?
0
What is the tens digit of 307437?
3
What is the thousands digit of 10859200?
9
What is the hundreds digit of 298805?
8
What is the units digit of 599207?
7
What is the hundreds digit of 6002823?
8
What is the ten thousands digit of 213836?
1
What is the units digit of 443345?
5
What is the millions digit of 6022455?
6
What is the tens digit of 283336?
3
What is the thousands digit of 7198216?
8
What is the hundred thousands digit of 9669565?
6
What is the hundreds digit of 419760?
7
What is the hundreds digit of 4952140?
1
What is the units digit of 4011927?
7
What is the tens digit of 516080?
8
What is the thousands digit of 7858012?
8
What is the thousands digit of 2948232?
8
What is the hundred thousands digit of 6246433?
2
What is the hundreds digit of 161564?
5
What is the hundreds digit of 2144967?
9
What is the ten millions digit of 10046458?
1
What is the hundreds digit of 414227?
2
What is the thousands digit of 748823?
8
What is the millions digit of 4138632?
4
What is the thousands digit of 2308214?
8
What is the ten thousands digit of 141590?
4
What is the hundreds digit of 61157?
1
What is the units digit of 194301?
1
What is the units digit of 26323?
3
What is the millions digit of 4211006?
4
What is the ten thousands digit of 17544?
1
What is the thousands digit of 189050?
9
What is the hundred thousands digit of 7014744?
0
What is the ten thousands digit of 174151?
7
What is the thousands digit of 1791933?
1
What is the hundreds digit of 20356256?
2
What is the thousands digit of 213707?
3
What is the hundred thousands digit of 14578490?
5
What is the hundred thousands digit of 107451?
1
What is the ten thousands digit of 10167202?
6
What is the ten thousands digit of 8756678?
5
What is the units digit of 791886?
6
What is the millions digit of 15365242?
5
What is the millions digit of 15714295?
5
What is the units digit of 164436?
6
What is the hundreds digit of 326705?
7
What is the hundreds digit of 8938047?
0
What is the tens digit of 2450805?
0
What is the ten thousands digit of 6771735?
7
What is the units digit of 1029912?
2
What is the tens digit of 15180218?
1
What is the tens digit of 10394456?
5
What is the tens digit of 985801?
0
What is the hundreds digit of 222216?
2
What is the tens digit of 11984290?
9
What is the thousands digit of 498901?
8
What is the thousands digit of 4721?
4
What is the tens digit of 591772?
7
What is the units digit of 4776033?
3
What is the units digit of 600671?
1
What is the tens digit of 45062294?
9
What is the units digit of 312013?
3
What is the hundreds digit of 5055831?
8
What is the units digit of 5748748?
8
What is the thousands digit of 157248?
7
What is the millions digit of 3290918?
3
What is the tens digit of 982830?
3
What is the hundreds digit of 13123630?
6
What is the units digit of 1093597?
7
What is the units digit of 3737067?
7
What is the units digit of 395251?
1
What is the ten millions digit of 30568401?
3
What is the hundred thousands digit of 131213?
1
What is the thousands digit of 162843?
2
What is the tens digit of 4257013?
1
What is the hundred thousands digit of 14595371?
5
What is the tens digit of 208475?
7
What is the ten thousands digit of 686781?
8
What is the hundred thousands digit of 183336?
1
What is the hundreds digit of 4233135?
1
What is the hundred thousands digit of 23386506?
3
What is the units digit of 349519?
9
What is the hundreds digit of 132510?
5
What is the hundreds digit of 195114?
1
What is the tens digit of 28307591?
9
What is the units digit of 332454?
4
What is the ten thousands digit of 68150?
6
What is the thousands digit of 7199672?
9
What is the hundreds digit of 481950?
9
What is the millions digit of 5625771?
5
What is the hundred thousands digit of 614729?
6
What is the units digit of 270956?
6
What is the tens digit of 15266295?
9
What is the units digit of 180747?
7
What is the thousands digit of 250530?
0
What is the tens digit of 1125379?
7
What is the hundreds digit of 282902?
9
What is the hundreds digit of 97100?
1
What is the millions digit of 4934276?
4
What is the tens digit of 170423?
2
What is the millions digit of 1807305?
1
What is the hundred thousands digit of 231580?
2
What is the tens digit of 63061?
6
What is the hundred thousands digit of 4114396?
1
What is the hundreds digit of 145593?
5
What is the hundred thousands digit of 1179272?
1
What is the hundreds digit of 19298054?
0
What is the ten thousands digit of 3776058?
7
What is the tens digit of 26357933?
3
What is the units digit of 124538?
8
What is the thousands digit of 161941?
1
What is the hundreds digit of 7374075?
0
What is the hundreds digit of 147657?
6
What is the thousands digit of 1171399?
1
What is the thousands digit of 6950205?
0
What is the tens digit of 380350?
5
What is the ten thousands digit of 5934751?
3
What is the hundred thousands digit of 1399271?
3
What is the millions digit of 7164539?
7
What is the ten thousands digit of 218712?
1
What is the tens digit of 208681?
8
What is the hundreds digit of 3659867?
8
What is the ten thousands digit of 231720?
3
What is the hundreds digit of 2269199?
1
What is the ten thousands digit of 340567?
4
What is the hundred thousands digit of 147908?
1
What is the ten thousands digit of 2877670?
7
What is the units digit of 5772000?
0
What is the tens digit of 18807103?
0
What is the hundred thousands digit of 404231?
4
What is the hundred thousands digit of 102316?
1
What is the thousands digit of 69094?
9
What is the hundred thousands digit of 8518447?
5
What is the tens digit of 2479349?
4
What is the hundred thousands digit of 234709?
2
What is the units digit of 1175047?
7
What is the hundreds digit of 269098?
0
What is the thousands digit of 276560?
6
What is the hundreds digit of 10668433?
4
What is the tens digit of 4360223?
2
What is the hundred thousands digit of 167803?
1
What is the hundreds digit of 1598798?
7
What is the hundred thousands digit of 536521?
5
What is the thousands digit of 917755?
7
What is the hundred thousands digit of 1704203?
7
What is the millions digit of 1316199?
1
What is the hundreds digit of 9874753?
7
What is the hundreds digit of 2958015?
0
What is the hundred thousands digit of 6814523?
8
What is the tens digit of 597330?
3
What is the ten thousands digit of 6380752?
8
What is the thousands digit of 2987007?
7
What is the ten thousands digit of 1896807?
9
What is the thousands digit of 10434806?
4
What is the units digit of 278443?
3
What is the tens digit of 222073?
7
What is the te